2.
0
What is 2 - (1 - (-1 + 0)) - -5?
5
Evaluate -1 + -4 + 5 - -4.
4
What is the value of (-5 - (0 - 4)) + 0 + 3?
2
What is the value of (5 - -12) + -3 + -12?
2
Calculate 3 - 10 - (-2 + -2).
-3
(-4 - 4) + (15 - 10)
-3
Evaluate (0 - -3) + -6 + (2 - 1).
-2
Calculate 4 + (1 - (7 - -4) - -5).
-1
What is -5 - (-10 + (6 - -6))?
-7
What is the value of 10 + -4 - (-1 - -2)?
5
4 - (5 + (-4 + 2 - -8))
-7
Calculate 5 + (-9 - (3 + -5) - -2).
0
Evaluate -5 - 1 - (-11 + 11 + -7).
1
Calculate (-5 - -2) + 4 + -7.
-6
7 + (0 + -6 - (74 - 69))
-4
What is (-5 - -4) + 10 - (3 - -2)?
4
What is the value of -27 + 18 - (1 - 2)?
-8
Calculate -6 + (6 + -3 - (0 - 1)).
-2
Calculate 2 + 3 + (1 - -2) - 3.
5
What is (-5 + 10 - (3 + -2)) + -2?
2
What is the value of 31 - 27 - (3 - -2)?
-1
Calculate -4 - -8 - (3 + 1 + -1).
1
What is 10 + -10 + (0 - -3) + -2?
1
What is (-1 - (-4 - (4 - 3))) + -8?
-4
Evaluate (4 + 2 - 2) + -6.
-2
What is the value of -1 - (-3 - (5 - 9))?
-2
Calculate -5 + 1 + (4 - -3 - 1).
2
Evaluate 1 + -1 - (0 + -4 + 2).
2
What is the value of 6 + 1 + -14 + 3 + -3?
-7
Calculate 0 - 0 - (-1 + -4 + 8).
-3
What is the value of (-2 - (-2 + -1)) + (-14 - -8)?
-5
Evaluate -1 + -8 - (31 - 33).
-7
(1 - 0) + (1 - 3) - 1
-2
Evaluate -7 - -3 - ((-1 - 1) + 4).
-6
What is 41 - 41 - (-1 + 2 - -2)?
-3
Calculate 0 + (-2 - (-1 + -1 + 0)).
0
Evaluate -9 + 12 - (5 + 1).
-3
3 + (4 - 1) + 0 + -8
-2
What is the value of -2 + 0 + -3 - (-10 + 0)?
5
Evaluate -1 - -2 - (8 - 12).
5
Evaluate 5 - (5 - (6 - 4)) - 9.
-7
What is the value of -5 - (-2 - (-8 - -3))?
-8
What is the value of 49 + -63 - (-1 + -10)?
-3
Evaluate 35 - 17 - 13 - (0 - -6).
-1
What is the value of -8 + 18 + -9 - 9?
-8
What is -6 + 0 + 5 + 4?
3
0 - (4 - 10) - -2
8
-12 - -18 - (3 + (-4 - -14))
-7
-1 - -1 - (6 - 1)
-5
What is 5 + -6 - (2 + -5)?
2
Evaluate 3 + -1 - -1 - (-46 + 50).
-1
Calculate (1 - (-5 - (0 - 3))) + -3.
0
What is 5 - 0 - (-2 - (-3 - 6))?
-2
What is the value of 2 + -7 + (-3 - (-5 - 0))?
-3
Calculate -1 + (13 + -11 - 11).
-10
Evaluate (3 + 6 - 4 - 11) + 2.
-4
11 - ((-3 - 1) + 22)
-7
Calculate -6 - (-4 + 5 + 0 - -2).
-9
What is the value of 0 - (3 + 0) - (50 - 51)?
-2
What is the value of (1 - 3 - 11) + 3 - -5?
-5
Evaluate 14 - 17 - (0 - -1).
-4
Evaluate -2 - (-6 + 2 + (1 - -1)).
0
Evaluate 0 + (-4 - -7) - 3.
0
What is -5 + 1 - -2 - (2 - -1)?
-5
Evaluate 4 - (10 + (3 - (-7 - -15))).
-1
Calculate -6 + 2 - (2 - 1).
-5
Evaluate (-8 - (-9 + 5)) + 0 + -2.
-6
Calculate 1 - (2 + (11 - (7 + -1))).
-6
-6 + -1 + (92 - 93)
-8
-2 + (1 - 0) + -6 + 6
-1
What is the value of -5 - (0 - (2 - (0 + 3)))?
-6
What is (9 - 12) + 8 - 9?
-4
What is the value of 4 - -1 - (3 + 3)?
-1
-2 - -1 - (-30 + 23) - 4
2
Calculate 0 + -5 - (-3 + -1).
-1
Evaluate 2 + (-7 - (-4 - 4)).
3
What is (-3 - -1) + 0 + 4?
2
Calculate 11 + -2 - (2 - (6 - 8)).
5
-3 - -1 - (13 - 15)
0
What is the value of (22 - 22) + (-6 - -3)?
-3
What is the value of 4 - (3 - (-6 + 8))?
3
Evaluate -16 - (-8 - (-13 + 17)).
-4
Calculate -2 + -1 - (-3 - (-2 - 0)).
-2
What is the value of 7 - (-2 + -2 + -4 - -7)?
8
(2 - 3) + 0 - 0 - 1
-2
What is -6 + 2 + -2 + 12?
6
What is the value of -6 + 6 - (-4 + 4 + 2)?
-2
Calculate (-85 - -85) + (-1 - (1 - 3)).
1
Calculate (-1 - ((0 - 0) + 2)) + 2.
-1
What is the value of 4 + -6 - (-7 - -2)?
3
Evaluate (4 - 7) + 2 + 1.
0
What is the value of -5 - (-8 + 3) - (3 + -2)?
-1
What is -3 - (-4 + (-3 - -3))?
1
Calculate -3 + (-3 - -2) - (7 + -7).
-4
Evaluate -2 - (6 - (3 - (4 + -8))).
-1
Calculate -28 + 14 + 15 - (0 - 1).
2
What is the value of 8 - (-11 + 13) - (2 + 2)?
2
What is the value of 2 + -1 + -9 + 10?
2
Evaluate (-9 - -3 - -4) + 5.
3
-1 - (1 + (5 - 10))
3
Calculate -5 - 4 - (-21 - -14).
-2
Evaluate -3 - (-2 - (2 - -7) - -4).
4
What is the value of (9 - 15) + -7 - -7?
-6
(-3 - -9) + -11 - 0
-5
Evaluate (5 - (2 - 2)) + -8.
-3
Calculate -3 + (0 - -5) + -4.
-2
(-1 - ((8 - 6) + -19)) + -7
9
What is the value of (-5 - -2) + 0 - -4?
1
Evaluate -5 + 0 + -1 - (-59 - -57).
-4
1 + (13 - 10) + -5 + -1
-2
Evaluate (0 - 2) + (-4 - (-5 - -2)).
-3
What is -3 + 4 + (1 - 3)?
-1
Calculate 0 - 4 - (-12 + 6 - -4).
-2
What is 34 + -26 + (-7 - 0)?
1
Evaluate -5 + (-1 + -4 - -7) + -5.
-8
What is (1 - 0) + (6 - (0 - -6))?
1
Calculate -11 + 1 - (5 + -11).
-4
What is the value of 6 + -3 + 1 + -5 - -5?
4
What is the value of -2 - (1 + (0 - -2) + -2)?
-3
Calculate -16 - -8 - (-9 + 1).
0
-1 - (-9 - (-5 + 1))
4
What is the value of 4 - (4 - (-3 + 4))?
1
What is the value of 5 - 7 - 4 - -3?
-3
What is the value of 1 + 3 - (-8 - (7 + -18))?
1
What is (-2 - 0) + 8 + (-13 - -10)?
3
What is (-33 - -46) + (1 - 10)?
4
What is 5 - (-7 + 4 - -5)?
3
What is the value of (1 - (-2 + 1)) + -7 - -7?
2
-3 + 20 + -12 + -4
1
1 - (1 - (3 - 0) - 0)
3
Calculate 6 - 0 - (-12 + -7 + 20).
5
11 + (-4 - -1) - -1 - 3
6
What is -9 + -1 + 3 + 11?
4
What is the value of 7 + (7 - 7 - (1 + 2))?
4
8 + -3 + -3 - (-2 + 2)
2
What is (34 - 35) + (-1 - (0 - 3))?
1
1 - (7 - (4 - 2)) - -11
7
What is the value of -1 - ((-6 - 0 - -14) + -17)?
8
Evaluate 3 + -12 + 4 + 3.
-2
Evaluate -4 - -4 - 2 - -6.
4
(-3 - 2) + (23 - 19)
-1
What is (6 - 3) + 6 - 16?
-7
What is the value of -1 + 5 + -12 + 8 + 4?
4
Evaluate 4 - (8 - (-11 + 8)).
-7
Calculate 1 - (3 + -1 - -4) - -3.
-2
What is (-6 - 8) + 6 - -7?
-1
What is (-2 - 2 - -8) + -2 + -3?
-1
-1 + (4 + -3 - -1) - -1
2
What is the value of -2 + (3 + -9 - (-11 + 5))?
-2
(-13 - -8) + 9 + -1
3
What is (3 - -1) + 0 + (70 - 67)?
7
What is the value of (-1 - -1) + 54 + -45?
9
Evaluate (-74 - -81) + (0 - 1).
6
Evaluate -38 + 33 - (0 - -2 - 0).
-7
What is 2 - (-1 - 1 - -3 - 2)?
3
Calculate 1 + 1 + -1 - (-146 - -144).
3
What is (13 - 1) + -6 + 10 + -9?
7
Calculate -1 - -8 - (29 + -19).
-3
What is 0 + 5 + -5 + (1 - 3)?
-2
What is 4 + 2 + -11 - -1?
-4
What is 0 + 1 + 0 - (20 + -14)?
-5
Calculate -6 - (6 - 21) - 12.
-3
Evaluate -3 + 1 - (-5 + 5).
-2
What is the value of 7 + -2 + 0 + -7?
-2
What is 4 - (-21 + 8) - 10?
7
What is -1 + -7 - ((-1 - -2) + -5)?
-4
1 + (7 - (-3 + 8))
3
What is 0 - (-5 - -2 - -8)?
-5
What is 6 - (7 + -4 + -3 + -1)?
7
What is 0 + (-9 - (-10 - -1 - -5))?
-5
(14 - 17) + 8 + -1
4
What is the value of -2 - (-1 - 4) - 1?
2
What is the value of 11 + -3 - 19 - -7?
-4
Evaluate -3 - (1 + -5 - -4).
-3
What is the value of 62 + -67 + (6 - -3)?
4
Calculate 4 - ((5 - -1) + 0 - -2).
-4
Evaluate (1 - (3 - -4) - -6) + -3.
-3
What is -11 + 7 + (0 - -5)?
1
(256 - 250) + 0 + -7
-1
What is the value of -13 + 9 - (4 - 15)?
7
(-1 - ((2 - -6) + -11)) + -2
0
Evaluate (0 + 15 - 5) + -5.
5
What is (4 - -5 - 13) + -1 + 0?
-5
What is the value of 4 - 8 - (-4 + 1)?
-1
4 + (-3 - (1 + -4)) + -9
-5
Calculate 3 - -1 - (3 + (2 - 6)).
5
Evaluate (-6 - (-4 + -5)) + -5.
-2
Calculate (-33 - -31) + -2 + -3.
-7
Calculate 4 + -2 + 1 + 0 + 1.
4
What is (1 - -4) + (-13 - -6)?
-2
What is (5 - (4 - 2)) + (0 - 3)?
0
Evaluate 0 - (-6 + (11 - -2)) - -2.
-5
Evaluate (-114 + 109 - (0 + -1)) + 2.
-2
Calculate -1 - (6 + -4 + (12 - 11)).
-4
What is the value of (-4 - -3) + (1 - -5)?
5
Evaluate (-3 - (2 - (-4 + 8))) + -4.
-5
0 - -1 - (-3 - -3 - 4)
5
What is -5 - 2 - (-3 + (1 - 1))?
-4
Evaluate (-4 - -8) + -8 + -1 + 5.
0
Calculate 157 - 154 - ((7 - 0) + -2).
-2
Evaluate 2 - (-2 - 4) - 2.
6
-8 + (-1 - 1) - (-20 - -14)
-4
Evaluate 9 - (-1 + 9 - -3).
-2
(-3 + (3 - 6) - 4) + 4
-6
Evaluate (3 - 3) + (-6 + 0 - -10).
4
What is the value of 10 - (6 - (-7 - -9))?
6
Evaluate 3 - (-4 + 20) - -8.
-5
4 + -5 + 3 + 1
3
-2 - (-7 - (-3 - -2)) - 2
2
Calculate -3 + 8 + -4 + 0.
1
4 + 0 + -9 + 11
6
Calculate 1 + 0 - (-14 + 17).
-2
What is 4 + (-5 - -3) - (-3 + 6)?
-1
Calculate 5 + (-1 - -2 - (-3 - -5)).
4
34 - 36 - (0 + -9)
7
What is 18 + -20 - (-5 + -1)?
4
What is the value of (-3 + 1 - -4) + -1?
1
What is the value of -1 + 6 + -2 + 2?
5
What is -2 - (-1 + 1 - (3 + -4))?
-3
What is the value of 5 - (1 - (4 + -11))?
-3
What is 7 + 1 + -19 + 6?
-5
(14 - 10) + -9 + 1 + 3
-1
What is (-2 - 3 - -3) + 3?
1
-1 + -3 - -3 - 2
-3
-1 + 5 - (-3 - (-2 + -5))
0
Calculate -7 + (0 - 5 - -3) + -1.
-10
What is -6 + 2 + (-2 - 2) + 5?
-3
What is the value of (-3 - 3) + (0 - -4)?
-2
What is (-15 + 12 - -3) + 1 + 5?
6
-3 - (7 + -2 + -7)
-1
Calculate 7 - (-6 + (-6 - -14) + 3).
2
Calculate -18 + 10 + (16 - 2).
6
Calculate (12 - 7) + (-2 - 3) + 2.
2
W